 -m**2 + 5*m + 3. Let l be z(6). Let a be 8/l*(-3)/2. Suppose 4*g = -a*b + 16, -14 = -b + 3*g - 2*g. What is the remainder when 17 is divided by b?
8
Let n(a) = -a**3 - 6*a**2 - 5*a - 42. Let f be n(-6). Let m = 10 + -6. What is the remainder when f/(3*(-4)/8) is divided by m?
0
Let i(w) = -2*w**2 - 19*w + 11. Let z(o) = 2*o**2 + 19*o - 10. Let u(b) = 6*i(b) + 7*z(b). What is the remainder when 14 is divided by u(-10)?
2
Suppose -5*t - 3*c = -2751, 2*t - 5*c - 1119 = -0*c. Suppose -t = f - 5*f - 3*p, 4*f + 4*p - 552 = 0. Calculate the remainder when f is divided by 28.
26
Let m = 40 - 40. Suppose -4*i = -3*b - i + 105, m = b - 5*i - 43. Calculate the remainder when 63 is divided by b.
30
Suppose -4*t = s - 2*s - 52, 0 = 2*s - 3*t + 119. Let h = s + 66. What is the remainder when -3*(28/(-6) + 2) is divided by h?
0
Let s = -54 + 128. Suppose -5*a = -371 - 229. Calculate the remainder when s is divided by 3/(a/38 - 3).
17
Suppose 0*x + x + 4 = 0. Let v be (-3)/(3/(18/2)). Let b = x - v. What is the remainder when b is divided by 2?
1
Let l be ((-3)/(-2))/(9/18). Calculate the remainder when 31 is divided by l/(-6) - -7*(-25)/(-10).
14
Suppose -25*c = 26 - 151. What is the remainder when 55 is divided by c?
0
Let g = -794 - -1443. What is the remainder when g is divided by 50?
49
Let y(r) = -9*r**3 - 18*r**2 - 43*r + 11. Let m(n) = n**3 - 3*n**2 - 2*n + 5. What is the remainder when y(-3) is divided by m(5)?
41
Let p(v) = -35*v + 198. Let u = -185 + 97. Calculate the remainder when p(4) is divided by u/(-6) + 1/3.
13
Let j(y) = 121*y**2 + 2*y - 3. What is the remainder when j(1) is divided by 120?
0
Calculate the remainder when 5 + 0/(11 + -5) + 172 is divided by 18.
15
Suppose 19*n + 1220 = 24*n. What is the remainder when 21 is divided by 1/(-5) - n/20*-1?
9
Let p(g) = -65*g**3 + 9*g**2 + 5*g - 3. What is the remainder when p(-1) is divided by 43?
23
Let w(q) = q**2 + 12*q - 6. Let s be w(-14). Suppose -y + 127 = 5*z, -2*y - s - 24 = -2*z. What is the remainder when z is divided by 15?
10
Let d be 0 + (-2)/((-1)/1). What is the remainder when (666/72)/(d/8) is divided by 4/(-6) + 160/15?
7
Let h(y) be the first derivative of y**4/4 - 10*y**3/3 + 11*y**2/2 - 3*y - 11. Let b = 14 - 10. What is the remainder when h(9) is divided by b?
3
Let g = 983 + -887. What is the remainder when 474 is divided by g?
90
Let r(m) = m**3 + 6*m**2 - m - 2. Suppose 0 = -4*f + 3*a + 47, -2*f + 3*a = -2*a - 13. What is the remainder when f is divided by r(-6)?
2
Let t(k) = -3*k - 5. Suppose -z = 4*z - 15, p = -4*z + 7. Let b = -57 - -86. Calculate the remainder when b is divided by t(p).
9
Let r(n) = -2*n**2 + 13*n - 14. Let m(t) = 2*t**2 - 12*t + 13. Let d(v) = 5*m(v) + 4*r(v). What is the remainder when d(7) is divided by 13?
12
Let f(r) = -2*r**3 - 11*r**2 - 6*r - 5. Let z be f(-5). Suppose z = 5*w - 7*w + 6. Calculate the remainder when 5 is divided by w.
2
Let r(o) = 43*o**3 + o**2 - 13*o + 12. What is the remainder when r(1) is divided by 5?
3
Suppose 99 = -25*b + 1174. Suppose m = 2*l - 6, -5*l + m + 9 = -3*m. Suppose -o = 3*y - 35, -4*y - 4*o - l = -57. What is the remainder when b is divided by y?
10
Let l = -1787 - -1793. Suppose -5*k + 6 = -4. Calculate the remainder when -1 - 10/(k/(-2)) is divided by l.
3
Let j(b) = -10*b - 1. Let t be j(3). Let s = 83 + t. Let o(c) = -c**3 - 9*c**2 + 20*c - 11. What is the remainder when s is divided by o(-11)?
8
Suppose 3*t + 373 = 106. Let n = t - -205. What is the remainder when n is divided by 59?
57
Let t be (4/12)/(2/258). Let l = 34 + t. Suppose 12 = -x + 5*a + 63, 2*x = 5*a + l. What is the remainder when 50 is divided by x?
24
What is the remainder when 112/(-196)*1204/(-4) is divided by 94?
78
Suppose -4*l = -2*t + 54, t + 21*l = 26*l + 24. Calculate the remainder when t is divided by 7.
1
What is the remainder when 328 is divided by ((-1)/(-2))/((-42)/(-924))?
9
Let k(t) = t**2 - 12*t + 17. Suppose 0*o - y - 56 = -5*o, -o = -3*y. What is the remainder when 44 is divided by k(o)?
10
Let o(r) = 4*r**2 + 2*r + 2. Let a be o(-2). Let k = 21 - a. Calculate the remainder when (80/6)/((14/(-6))/(-7)) is divided by k.
5
Let c(w) = 23*w - 28. Let h(r) = 8*r - 9. Let k(l) = 3*c(l) - 8*h(l). Let n be k(12). Calculate the remainder when 43 is divided by (-16)/n + 34/3.
10
Suppose 2*z - 346 = 3*k, -346 = -2*z + 3*k - 7*k. Suppose 5*x + z = 3*y + 794, y = x - 125. Calculate the remainder when x is divided by 21.
18
Let f(v) = -17*v - 41. Calculate the remainder when f(-4) is divided by 15.
12
Let c(i) = 18 + 3*i - 8 - 3. Let d be c(6). Suppose -d = 9*q - 14*q. What is the remainder when 24 is divided by q?
4
Let s(k) = -17*k - 3 + 11*k - 1 - 3. What is the remainder when s(-6) is divided by 10?
9
Suppose -3*h = -2*n + 35, 0*n - 2*n + 60 = 2*h. Let r = 99 - 56. What is the remainder when r is divided by n?
18
Let y be 9*3/(135/10). Let a be (-18)/(-9) - 0/y. Calculate the remainder when (-3)/a*(-39 + 3) is divided by 28.
26
Let w(o) = -o**3 + 10*o**2 - 7*o - 14. Let s be w(9). Suppose -2*a = -4*y + 102, 0 = -s*y + 3*y - 3*a + 15. Calculate the remainder when 58 is divided by y.
10
Suppose -4*x - 5 = f, 2*f + 15 = -f - 5*x. Let n(b) = 9*b + 3*b - 17*b - 12. What is the remainder when 36 is divided by n(f)?
10
Suppose -3*t + 0*t + 132 = 0. Suppose -12 = -5*k + 423. Calculate the remainder when k is divided by t.
43
Let i be (4/(-3))/(0 - 4/12). Suppose 0*w - i*b = -3*w + 150, 5*b - 250 = -5*w. Calculate the remainder when w is divided by 18.
14
Let j(s) = s**3 + 42*s**2 - 5*s - 192. Calculate the remainder when 87 is divided by j(-42).
15
Suppose w + 2*w - 4*m = 46, 2*w - 25 = -3*m. Let l be ((-154)/6)/((32/(-12))/(-8)). Let s = -69 - l. What is the remainder when w is divided by s?
6
Suppose -395*v + 391*v + 68 = 0. What is the remainder when 50 is divided by v?
16
Let u(a) = a**2 + 20*a - 115. What is the remainder when u(-26) is divided by -4*(0 - 7/2)?
13
Suppose 64*h + 1113 = 85*h. Calculate the remainder when h is divided by 6.
5
Suppose -157 = -y - 5*b, -b + 215 = 3*y - 214. Suppose -2*p + 86 = 2*q, 3*q = 2*p + y - 13. Calculate the remainder when q is divided by 11.
10
Suppose 0 = -18*k - 3*k + 13608. Calculate the remainder when k is divided by 10.
8
Let p = 1 - 2. What is the remainder when ((-2)/2)/p*39 is divided by 42/3*(-1 - -2)?
11
What is the remainder when (13 - 2533/187) + 2426/11 is divided by 74?
72
Suppose -11*q + 2*q = -1062. Let a(h) = -h**3 - 2*h**2 - 5*h - 4. What is the remainder when q is divided by a(-3)?
18
Let k(b) = 16*b**2 - 4*b + 3. Let p be k(-3). Let n = p + -113. What is the remainder when n is divided by 25?
21
Let w(k) = k**3 - 4*k**2 - 10*k + 11. Let o = -42 - -48. What is the remainder when w(o) is divided by 14?
9
Let y = -164 + 353. Let j = y + -111. What is the remainder when j is divided by (8/6)/((-1)/(-15))?
18
Let b(d) = -d**3 + d - 5. Let h be 10/35 + (-388)/(-14). Let p = h + -31. Calculate the remainder when 54 is divided by b(p).
16
Let i be 215/35 + 1/(-7). Let f be (-4)/14 - (-10)/35. Suppose i*n - 7*n + 32 = f. What is the remainder when n is divided by 12?
8
Let z be (-399)/(-15) + (-9)/15. Let y = -21 + z. Calculate the remainder when 1 - (-4 + y)*-17 is divided by 5.
3
Let u(o) = 3*o**2 + 8*o + 36. What is the remainder when u(-9) is divided by 43?
35
Suppose -848 = 7*k + 307. Let h = k - -259. Calculate the remainder when h is divided by -2 + (-1)/((-3)/54).
14
Let o = 176 - 164. Calculate the remainder when 393 is divided by o.
9
Let x = -318 - -329. What is the remainder when 38 is divided by x?
5
Let x(c) = -6*c**3 + 5*c + 4. Let o be x(-1). What is the remainder when 28 is divided by 19 + (-7 - (-10)/o)?
0
Let j(d) = 0 + 6 - 3*d**2 + 2*d**2 + 11*d - 1. What is the remainder when j(9) is divided by 7?
2
Calculate the remainder when (-3)/12 + (-49427)/(-92) is divided by 11.
9
Suppose -3*g + 3*q + 5 + 7 = 0, 0 = g + 3*q + 8. What is the remainder when 7 is divided by (4 - 1 - g) + 5?
0
Let v = -276 + 318. Calculate the remainder when 249 is divided by v.
39
Let b(v) = 10 - 19 + 1 + 7*v + 3. Calculate the remainder when 25 is divided by b(2).
7
What is the remainder when 138 is divided by ((-176)/11 - -10) + 33?
3
Let r = -106 - -124. Calculate the remainder when